{"id":2171,"date":"2021-08-17T22:27:27","date_gmt":"2021-08-17T20:27:27","guid":{"rendered":"https:\/\/lesboisenjoues.com\/?page_id=2171"},"modified":"2022-01-02T20:16:15","modified_gmt":"2022-01-02T19:16:15","slug":"plateau-suisse","status":"publish","type":"page","link":"https:\/\/lesboisenjoues.com\/index.php\/plateau-suisse\/","title":{"rendered":"Plateau Suisse"},"content":{"rendered":"\n<div class=\"wp-block-image\"><figure class=\"aligncenter size-large is-resized\"><img loading=\"lazy\" decoding=\"async\" src=\"https:\/\/lesboisenjoues.com\/wp-content\/uploads\/2021\/08\/Palet-Suisse-1024x300.jpg\" alt=\"\" class=\"wp-image-2172\" width=\"512\" height=\"150\" srcset=\"https:\/\/lesboisenjoues.com\/wp-content\/uploads\/2021\/08\/Palet-Suisse-1024x300.jpg 1024w, https:\/\/lesboisenjoues.com\/wp-content\/uploads\/2021\/08\/Palet-Suisse-300x88.jpg 300w, https:\/\/lesboisenjoues.com\/wp-content\/uploads\/2021\/08\/Palet-Suisse-768x225.jpg 768w, https:\/\/lesboisenjoues.com\/wp-content\/uploads\/2021\/08\/Palet-Suisse-1536x450.jpg 1536w, https:\/\/lesboisenjoues.com\/wp-content\/uploads\/2021\/08\/Palet-Suisse-2048x599.jpg 2048w\" sizes=\"auto, (max-width: 512px) 100vw, 512px\" \/><\/figure><\/div>\n\n\n\n<p class=\"has-text-align-center\"><strong>Un jeu de lanc\u00e9 plus difficile qu&rsquo;il en a l&rsquo;air&#8230;<\/strong><\/p>\n\n\n\n<div class=\"wp-block-image\"><figure class=\"aligncenter size-full\"><img loading=\"lazy\" decoding=\"async\" width=\"527\" height=\"448\" src=\"https:\/\/lesboisenjoues.com\/wp-content\/uploads\/2022\/01\/plateau-suisse.jpg\" alt=\"\" class=\"wp-image-2383\" srcset=\"https:\/\/lesboisenjoues.com\/wp-content\/uploads\/2022\/01\/plateau-suisse.jpg 527w, https:\/\/lesboisenjoues.com\/wp-content\/uploads\/2022\/01\/plateau-suisse-300x255.jpg 300w\" sizes=\"auto, (max-width: 527px) 100vw, 527px\" \/><figcaption>Plateau Suisse : 2 joueurs ou plus \/ Jeu d&rsquo;adresse<\/figcaption><\/figure><\/div>\n\n\n\n<h4 class=\"wp-block-heading\">Pr\u00e9sentation du jeu :<\/h4>\n\n\n\n<p>Testez un jeu de palets dans lequel enfants comme adultes pourront s\u2019amuser ensemble en toute saison. Aucun risque de se blesser gr\u00e2ce \u00e0 ses palets en caoutchouc. Et nul besoin d\u2019\u00eatre expert du lancer de palet pour r\u00e9ussir \u00e0 jouer correctement !<\/p>\n\n\n\n<p>Mais ne vous y trompez pas, le Plateau Suisse reste un jeu d\u2019adresse de choix. Que ce soit lors des apr\u00e8s-midis barbecue avec les copains ou pour l\u2019anniversaire de votre enfant, ce jeu en bois cr\u00e9era l\u2019animation qu\u2019il vous faut.&nbsp;<\/p>\n\n\n\n<p>D\u00e9couvrez sans plus attendre cette planche qui revisite les traditionnels jeux de palets.<\/p>\n\n\n\n<h4 class=\"wp-block-heading\">But du jeu :<\/h4>\n\n\n\n<p>Marquer le maximum de points en jetant dix palets en caoutchouc sur le plateau.<\/p>\n\n\n\n<h4 class=\"wp-block-heading\">R\u00e8gle du jeu :<\/h4>\n\n\n\n<p>Le jeu se joue \u00e0 tour de r\u00f4le. Chaque joueur dispose de 10 palets, qu\u2019il faut lancer \u00e0 plat comme un frisbee en direction du plateau.&nbsp;<\/p>\n\n\n\n<p>L\u2019objectif est de viser les meilleurs emplacements. Le plus haut score est aussi le plus risqu\u00e9 \u00e0 atteindre ! En effet, les zones malus (-100 points) sont situ\u00e9es \u00e0 droite et \u00e0 gauche du 500. Et juste en-dessous, il y a la zone 20 points.&nbsp;<\/p>\n\n\n\n<p>Attention, si, en cours de partie, l\u2019un de vos palets s\u2019arr\u00eate sur la zone M (comme \u00ab malus \u00bb), vous devrez retirer tous les palets pr\u00e9c\u00e9demment jou\u00e9s (oui, c\u2019est un vrai malus !) et continuer avec le reste de vos palets.&nbsp;<\/p>\n\n\n\n<p>Une fois les lancers de palets termin\u00e9s, faites le compte de vos points. Les parties se jouent en 4 manches. Le joueur qui cumule le plus de points remporte la partie.&nbsp;<\/p>\n\n\n\n<div class=\"wp-block-image\"><figure class=\"aligncenter size-full is-resized\"><img loading=\"lazy\" decoding=\"async\" src=\"https:\/\/lesboisenjoues.com\/wp-content\/uploads\/2022\/01\/plateau-suisse-2.jpg\" alt=\"\" class=\"wp-image-2385\" width=\"400\" height=\"400\" srcset=\"https:\/\/lesboisenjoues.com\/wp-content\/uploads\/2022\/01\/plateau-suisse-2.jpg 800w, https:\/\/lesboisenjoues.com\/wp-content\/uploads\/2022\/01\/plateau-suisse-2-300x300.jpg 300w, https:\/\/lesboisenjoues.com\/wp-content\/uploads\/2022\/01\/plateau-suisse-2-150x150.jpg 150w, https:\/\/lesboisenjoues.com\/wp-content\/uploads\/2022\/01\/plateau-suisse-2-768x768.jpg 768w\" sizes=\"auto, (max-width: 400px) 100vw, 400px\" \/><\/figure><\/div>\n\n\n\n<div class=\"wp-block-image\"><figure class=\"aligncenter size-large is-resized\"><img loading=\"lazy\" decoding=\"async\" src=\"https:\/\/lesboisenjoues.com\/wp-content\/uploads\/2021\/08\/Sans-titre3-1024x62.png\" alt=\"\" class=\"wp-image-2156\" width=\"512\" height=\"31\" srcset=\"https:\/\/lesboisenjoues.com\/wp-content\/uploads\/2021\/08\/Sans-titre3-1024x62.png 1024w, https:\/\/lesboisenjoues.com\/wp-content\/uploads\/2021\/08\/Sans-titre3-300x18.png 300w, https:\/\/lesboisenjoues.com\/wp-content\/uploads\/2021\/08\/Sans-titre3-768x46.png 768w, https:\/\/lesboisenjoues.com\/wp-content\/uploads\/2021\/08\/Sans-titre3-1536x93.png 1536w, https:\/\/lesboisenjoues.com\/wp-content\/uploads\/2021\/08\/Sans-titre3-2048x124.png 2048w\" sizes=\"auto, (max-width: 512px) 100vw, 512px\" \/><\/figure><\/div>\n\n\n\n<h4 class=\"wp-block-heading\">Informations importantes :<\/h4>\n\n\n\n<ul class=\"wp-block-list\"><li>Contenu :&nbsp;<strong>10 palets en caoutchouc<\/strong><\/li><li>Dimensions&nbsp;:&nbsp;<strong>101 x 51 cm&nbsp;<\/strong><\/li><li>Age minimum recommand\u00e9 :&nbsp;<strong>5 ans<\/strong><\/li><\/ul>\n\n\n\n<div class=\"wp-block-image\"><figure class=\"aligncenter size-large is-resized\"><img loading=\"lazy\" decoding=\"async\" src=\"https:\/\/lesboisenjoues.com\/wp-content\/uploads\/2021\/08\/Sans-titre3-1024x62.png\" alt=\"\" class=\"wp-image-2156\" width=\"512\" height=\"31\" srcset=\"https:\/\/lesboisenjoues.com\/wp-content\/uploads\/2021\/08\/Sans-titre3-1024x62.png 1024w, https:\/\/lesboisenjoues.com\/wp-content\/uploads\/2021\/08\/Sans-titre3-300x18.png 300w, https:\/\/lesboisenjoues.com\/wp-content\/uploads\/2021\/08\/Sans-titre3-768x46.png 768w, https:\/\/lesboisenjoues.com\/wp-content\/uploads\/2021\/08\/Sans-titre3-1536x93.png 1536w, https:\/\/lesboisenjoues.com\/wp-content\/uploads\/2021\/08\/Sans-titre3-2048x124.png 2048w\" sizes=\"auto, (max-width: 512px) 100vw, 512px\" \/><\/figure><\/div>\n","protected":false},"excerpt":{"rendered":"<p>Un jeu de lanc\u00e9 plus difficile qu&rsquo;il en a l&rsquo;air&#8230; Pr\u00e9sentation du jeu : Testez un jeu de palets dans [&hellip;]<\/p>\n","protected":false},"author":2,"featured_media":2174,"parent":0,"menu_order":0,"comment_status":"closed","ping_status":"closed","template":"","meta":{"footnotes":""},"class_list":["post-2171","page","type-page","status-publish","has-post-thumbnail","hentry"],"jetpack_sharing_enabled":true,"_links":{"self":[{"href":"https:\/\/lesboisenjoues.com\/index.php\/wp-json\/wp\/v2\/pages\/2171","targetHints":{"allow":["GET"]}}],"collection":[{"href":"https:\/\/lesboisenjoues.com\/index.php\/wp-json\/wp\/v2\/pages"}],"about":[{"href":"https:\/\/lesboisenjoues.com\/index.php\/wp-json\/wp\/v2\/types\/page"}],"author":[{"embeddable":true,"href":"https:\/\/lesboisenjoues.com\/index.php\/wp-json\/wp\/v2\/users\/2"}],"replies":[{"embeddable":true,"href":"https:\/\/lesboisenjoues.com\/index.php\/wp-json\/wp\/v2\/comments?post=2171"}],"version-history":[{"count":6,"href":"https:\/\/lesboisenjoues.com\/index.php\/wp-json\/wp\/v2\/pages\/2171\/revisions"}],"predecessor-version":[{"id":2415,"href":"https:\/\/lesboisenjoues.com\/index.php\/wp-json\/wp\/v2\/pages\/2171\/revisions\/2415"}],"wp:featuredmedia":[{"embeddable":true,"href":"https:\/\/lesboisenjoues.com\/index.php\/wp-json\/wp\/v2\/media\/2174"}],"wp:attachment":[{"href":"https:\/\/lesboisenjoues.com\/index.php\/wp-json\/wp\/v2\/media?parent=2171"}],"curies":[{"name":"wp","href":"https:\/\/api.w.org\/{rel}","templated":true}]}}