{"id":1823,"date":"2020-08-10T14:17:27","date_gmt":"2020-08-10T12:17:27","guid":{"rendered":"https:\/\/lesboisenjoues.com\/?page_id=1823"},"modified":"2022-01-02T20:12:37","modified_gmt":"2022-01-02T19:12:37","slug":"palet-anglais-2","status":"publish","type":"page","link":"https:\/\/lesboisenjoues.com\/index.php\/palet-anglais-2\/","title":{"rendered":"Palet Anglais"},"content":{"rendered":"\n<div class=\"wp-block-image\"><figure class=\"aligncenter size-large is-resized\"><img loading=\"lazy\" decoding=\"async\" src=\"https:\/\/lesboisenjoues.com\/wp-content\/uploads\/2020\/08\/Untitled-15-Copie-Copie1-1024x248.png\" alt=\"\" class=\"wp-image-1784\" width=\"512\" height=\"124\" srcset=\"https:\/\/lesboisenjoues.com\/wp-content\/uploads\/2020\/08\/Untitled-15-Copie-Copie1-1024x248.png 1024w, https:\/\/lesboisenjoues.com\/wp-content\/uploads\/2020\/08\/Untitled-15-Copie-Copie1-300x73.png 300w, https:\/\/lesboisenjoues.com\/wp-content\/uploads\/2020\/08\/Untitled-15-Copie-Copie1-768x186.png 768w, https:\/\/lesboisenjoues.com\/wp-content\/uploads\/2020\/08\/Untitled-15-Copie-Copie1-1536x372.png 1536w, https:\/\/lesboisenjoues.com\/wp-content\/uploads\/2020\/08\/Untitled-15-Copie-Copie1-2048x496.png 2048w\" sizes=\"auto, (max-width: 512px) 100vw, 512px\" \/><\/figure><\/div>\n\n\n\n<h4 class=\"has-text-align-center wp-block-heading\">Le jeu des Pubs Anglais&#8230;<\/h4>\n\n\n\n<div class=\"wp-block-image\"><figure class=\"aligncenter size-large is-resized\"><img loading=\"lazy\" decoding=\"async\" src=\"https:\/\/lesboisenjoues.com\/wp-content\/uploads\/2020\/08\/palet-anglais-3.jpg\" alt=\"\" class=\"wp-image-1889\" width=\"395\" height=\"309\" srcset=\"https:\/\/lesboisenjoues.com\/wp-content\/uploads\/2020\/08\/palet-anglais-3.jpg 527w, https:\/\/lesboisenjoues.com\/wp-content\/uploads\/2020\/08\/palet-anglais-3-300x235.jpg 300w\" sizes=\"auto, (max-width: 395px) 100vw, 395px\" \/><figcaption>Palet Anglais : 2 joueurs ou plus \/ Jeu d&rsquo;adresse<\/figcaption><\/figure><\/div>\n\n\n\n<div class=\"wp-block-image\"><figure class=\"aligncenter size-large is-resized\"><img loading=\"lazy\" decoding=\"async\" src=\"https:\/\/lesboisenjoues.com\/wp-content\/uploads\/2020\/08\/Sans-titre3-1024x62.png\" alt=\"\" class=\"wp-image-1783\" width=\"512\" height=\"31\" srcset=\"https:\/\/lesboisenjoues.com\/wp-content\/uploads\/2020\/08\/Sans-titre3-1024x62.png 1024w, https:\/\/lesboisenjoues.com\/wp-content\/uploads\/2020\/08\/Sans-titre3-300x18.png 300w, https:\/\/lesboisenjoues.com\/wp-content\/uploads\/2020\/08\/Sans-titre3-768x46.png 768w, https:\/\/lesboisenjoues.com\/wp-content\/uploads\/2020\/08\/Sans-titre3-1536x93.png 1536w, https:\/\/lesboisenjoues.com\/wp-content\/uploads\/2020\/08\/Sans-titre3-2048x124.png 2048w\" sizes=\"auto, (max-width: 512px) 100vw, 512px\" \/><\/figure><\/div>\n\n\n\n<h4 class=\"wp-block-heading\">But du jeu :<\/h4>\n\n\n\n<p>Chaque joueur va faire glisser les cinq palets sur la surface du jeu. Le but est alors de r\u00e9ussir \u00e0 placer un palet dans chaque zone, et ce, en \u00e9vitant de toucher les lignes (sinon celui-ci ne compte pas). Avec ce jeu, il sera possible de pousser un palet avec un autre. D\u2019ailleurs, quand les 5 palets ont \u00e9t\u00e9 jou\u00e9s, le joueur en question placera une marque (\u00e0 l&rsquo;aide d&rsquo;un b\u00e2tonnet) sur le chiffre dans lequel il a d\u00e9j\u00e0 mis un palet.<\/p>\n\n\n\n<p>Le gagnant sera le 1er joueur qui r\u00e9ussit \u00e0 mettre un palet dans chaque zone. En cas d\u2019\u00e9galit\u00e9 entre les joueurs, un tour suppl\u00e9mentaire s\u2019impose pour d\u00e9terminer le gagnant, et dans ce cas, on compte le nombre de points r\u00e9ussis en tenant en compte de la valeur des zones.<\/p>\n\n\n\n<p><\/p>\n\n\n\n<p><\/p>\n\n\n\n<p><\/p>\n\n\n\n<div class=\"wp-block-image\"><figure class=\"aligncenter size-large is-resized\"><img loading=\"lazy\" decoding=\"async\" src=\"https:\/\/lesboisenjoues.com\/wp-content\/uploads\/2020\/08\/Sans-titre3-1024x62.png\" alt=\"\" class=\"wp-image-1783\" width=\"512\" height=\"31\" srcset=\"https:\/\/lesboisenjoues.com\/wp-content\/uploads\/2020\/08\/Sans-titre3-1024x62.png 1024w, https:\/\/lesboisenjoues.com\/wp-content\/uploads\/2020\/08\/Sans-titre3-300x18.png 300w, https:\/\/lesboisenjoues.com\/wp-content\/uploads\/2020\/08\/Sans-titre3-768x46.png 768w, https:\/\/lesboisenjoues.com\/wp-content\/uploads\/2020\/08\/Sans-titre3-1536x93.png 1536w, https:\/\/lesboisenjoues.com\/wp-content\/uploads\/2020\/08\/Sans-titre3-2048x124.png 2048w\" sizes=\"auto, (max-width: 512px) 100vw, 512px\" \/><\/figure><\/div>\n\n\n\n<h4 class=\"wp-block-heading\">Informations importantes :<\/h4>\n\n\n\n<ul class=\"wp-block-list\"><li>Dimensions : <strong>122 x 41 cm<\/strong><\/li><li>Contenu : <strong>12 palets en buis, 1 r\u00e8gle du jeu<\/strong><\/li><li>\u00c2ge minimum recommand\u00e9 : <strong>5 ans<\/strong><\/li><li>Nombre de joueurs : <strong>2 \u00e0 4<\/strong><\/li><\/ul>\n\n\n\n<div class=\"wp-block-image\"><figure class=\"aligncenter size-large is-resized\"><img loading=\"lazy\" decoding=\"async\" src=\"https:\/\/lesboisenjoues.com\/wp-content\/uploads\/2020\/08\/Sans-titre3-1024x62.png\" alt=\"\" class=\"wp-image-1783\" width=\"512\" height=\"31\" srcset=\"https:\/\/lesboisenjoues.com\/wp-content\/uploads\/2020\/08\/Sans-titre3-1024x62.png 1024w, https:\/\/lesboisenjoues.com\/wp-content\/uploads\/2020\/08\/Sans-titre3-300x18.png 300w, https:\/\/lesboisenjoues.com\/wp-content\/uploads\/2020\/08\/Sans-titre3-768x46.png 768w, https:\/\/lesboisenjoues.com\/wp-content\/uploads\/2020\/08\/Sans-titre3-1536x93.png 1536w, https:\/\/lesboisenjoues.com\/wp-content\/uploads\/2020\/08\/Sans-titre3-2048x124.png 2048w\" sizes=\"auto, (max-width: 512px) 100vw, 512px\" \/><\/figure><\/div>\n","protected":false},"excerpt":{"rendered":"<p>Le jeu des Pubs Anglais&#8230; But du jeu : Chaque joueur va faire glisser les cinq palets sur la surface [&hellip;]<\/p>\n","protected":false},"author":2,"featured_media":1789,"parent":0,"menu_order":0,"comment_status":"closed","ping_status":"closed","template":"","meta":{"footnotes":""},"class_list":["post-1823","page","type-page","status-publish","has-post-thumbnail","hentry"],"jetpack_sharing_enabled":true,"_links":{"self":[{"href":"https:\/\/lesboisenjoues.com\/index.php\/wp-json\/wp\/v2\/pages\/1823","targetHints":{"allow":["GET"]}}],"collection":[{"href":"https:\/\/lesboisenjoues.com\/index.php\/wp-json\/wp\/v2\/pages"}],"about":[{"href":"https:\/\/lesboisenjoues.com\/index.php\/wp-json\/wp\/v2\/types\/page"}],"author":[{"embeddable":true,"href":"https:\/\/lesboisenjoues.com\/index.php\/wp-json\/wp\/v2\/users\/2"}],"replies":[{"embeddable":true,"href":"https:\/\/lesboisenjoues.com\/index.php\/wp-json\/wp\/v2\/comments?post=1823"}],"version-history":[{"count":17,"href":"https:\/\/lesboisenjoues.com\/index.php\/wp-json\/wp\/v2\/pages\/1823\/revisions"}],"predecessor-version":[{"id":2410,"href":"https:\/\/lesboisenjoues.com\/index.php\/wp-json\/wp\/v2\/pages\/1823\/revisions\/2410"}],"wp:featuredmedia":[{"embeddable":true,"href":"https:\/\/lesboisenjoues.com\/index.php\/wp-json\/wp\/v2\/media\/1789"}],"wp:attachment":[{"href":"https:\/\/lesboisenjoues.com\/index.php\/wp-json\/wp\/v2\/media?parent=1823"}],"curies":[{"name":"wp","href":"https:\/\/api.w.org\/{rel}","templated":true}]}}